{"id":544,"date":"2019-05-20T19:30:49","date_gmt":"2019-05-20T19:30:49","guid":{"rendered":"http:\/\/tus08senne1-fussball.de\/?page_id=544"},"modified":"2024-07-16T11:38:25","modified_gmt":"2024-07-16T11:38:25","slug":"shop","status":"publish","type":"page","link":"https:\/\/tus08senne1-fussball.de\/?page_id=544","title":{"rendered":"Fan-Shop"},"content":{"rendered":"<div id=\"pl-gb544-69dc986d55cba\"  class=\"panel-layout\" ><div id=\"pg-gb544-69dc986d55cba-0\"  class=\"panel-grid panel-no-style\" ><div id=\"pgc-gb544-69dc986d55cba-0-0\"  class=\"panel-grid-cell\" ><div id=\"panel-gb544-69dc986d55cba-0-0-0\" class=\"so-panel widget widget_sow-editor panel-first-child panel-last-child\" data-index=\"0\" ><div\n\t\t\t\n\t\t\tclass=\"so-widget-sow-editor so-widget-sow-editor-base\"\n\t\t\t\n\t\t>\n<div class=\"siteorigin-widget-tinymce textwidget\">\n\t<p><strong>Wie bestelle ich?<\/strong><\/p>\n<p>Alle Produkte k\u00f6nnen einfach direkt per E-Mail an <a href=\"mailto:shop@tus08senne1-fussball.de\">shop@tus08senne1-fussball.de<\/a> bestellt werden oder sind an Spieltagen in der H\u00fctte in der bpi Arena erh\u00e4ltlich. Das Heimtrikot 24\/25 (Erwachsene\/Kinder) bieten wir in Zusammenarbeit mit Schr\u00f6der-Teams Sennenstadt an. Alle Informationen zur Bestellung findet ihr auf <a href=\"http:\/\/tus08senne1-fussball.de\/wp-content\/uploads\/2024\/07\/Bestellformular-TuS-08-Senne-I-Trikot.docx\">diesem Formular<\/a>.<\/p>\n<p>&nbsp;<\/p>\n<p><strong>Zusammenarbeit mit dem Kinderkrebsprojekt &#8222;Fruchtalarm&#8220;<\/strong><br \/>\nDas <a href=\"https:\/\/fruchtalarm.de\">Kinderkrebsprojekt Fruchtalarm<\/a> (initiiert in Bielefeld mit dem Kinderzentrum Bethel) unterst\u00fctzt an \u00fcber 40 Kinderkrebsstationen und in Kinder- und Jugendhospizen die Ern\u00e4hrung junger Patientinnen und Patienten mit gesunden S\u00e4ften. Mit Cocktail-Partys am Krankenbett wird dabei die Aktivit\u00e4t der Kinder gef\u00f6rdert und eine fr\u00f6hliche Abwechslung in einem h\u00e4ufig fremdbestimmten Klinikalltag geschaffen. Wir unterst\u00fctzen das Projekt, indem von allen Produkten ein Anteil an das Projekt geht.<\/p>\n<\/div>\n<\/div><\/div><\/div><\/div><div id=\"pg-gb544-69dc986d55cba-1\"  class=\"panel-grid panel-has-style\" ><div class=\"panel-row-style panel-row-style-for-gb544-69dc986d55cba-1\" ><div id=\"pgc-gb544-69dc986d55cba-1-0\"  class=\"panel-grid-cell\" ><div id=\"panel-gb544-69dc986d55cba-1-0-0\" class=\"so-panel widget widget_sow-image panel-first-child panel-last-child\" data-index=\"1\" ><div\n\t\t\t\n\t\t\tclass=\"so-widget-sow-image so-widget-sow-image-default-8b5b6f678277-544\"\n\t\t\t\n\t\t>\n<div class=\"sow-image-container\">\n\t\t<img \n\tsrc=\"https:\/\/tus08senne1-fussball.de\/wp-content\/uploads\/2024\/07\/DSC06861-Bearbeitet-200x300.jpg\" width=\"200\" height=\"300\" srcset=\"https:\/\/tus08senne1-fussball.de\/wp-content\/uploads\/2024\/07\/DSC06861-Bearbeitet-200x300.jpg 200w, https:\/\/tus08senne1-fussball.de\/wp-content\/uploads\/2024\/07\/DSC06861-Bearbeitet-684x1024.jpg 684w, https:\/\/tus08senne1-fussball.de\/wp-content\/uploads\/2024\/07\/DSC06861-Bearbeitet-768x1150.jpg 768w, https:\/\/tus08senne1-fussball.de\/wp-content\/uploads\/2024\/07\/DSC06861-Bearbeitet-1026x1536.jpg 1026w, https:\/\/tus08senne1-fussball.de\/wp-content\/uploads\/2024\/07\/DSC06861-Bearbeitet-1368x2048.jpg 1368w, https:\/\/tus08senne1-fussball.de\/wp-content\/uploads\/2024\/07\/DSC06861-Bearbeitet-scaled.jpg 1710w\" sizes=\"(max-width: 200px) 100vw, 200px\" title=\"T-Shirt Fruchtalarm\" alt=\"\" \t\tclass=\"so-widget-image\"\/>\n\t<\/div>\n\n<\/div><\/div><\/div><div id=\"pgc-gb544-69dc986d55cba-1-1\"  class=\"panel-grid-cell\" ><div id=\"panel-gb544-69dc986d55cba-1-1-0\" class=\"so-panel widget widget_sow-editor panel-first-child panel-last-child\" data-index=\"2\" ><div\n\t\t\t\n\t\t\tclass=\"so-widget-sow-editor so-widget-sow-editor-base\"\n\t\t\t\n\t\t>\n<div class=\"siteorigin-widget-tinymce textwidget\">\n\t<div><strong>TuS 08 Senne I &#8212; T-Shirt <\/strong><\/div>\n<p><\/p>\n<div>Dunkelblaues T-Shirt mit TuS-Logo und Fruchtalarm-Symbol.<\/div>\n<div>Beim Verkauf jedes T-Shirts geht ein Anteil an das Projekt.<\/div>\n<p><\/p>\n<div><\/div>\n<div>Erwachsene (Gr\u00f6\u00dfe S-XXL): <strong>Preis 18,-\u20ac<\/strong><\/div>\n<div>Kinder (Gr\u00f6\u00dfe 128-164): <strong>Preis 15.-\u20ac<\/strong><\/div>\n<\/div>\n<\/div><\/div><\/div><\/div><\/div><div id=\"pg-gb544-69dc986d55cba-2\"  class=\"panel-grid panel-has-style\" ><div class=\"panel-row-style panel-row-style-for-gb544-69dc986d55cba-2\" ><div id=\"pgc-gb544-69dc986d55cba-2-0\"  class=\"panel-grid-cell\" ><div id=\"panel-gb544-69dc986d55cba-2-0-0\" class=\"so-panel widget widget_sow-image panel-first-child panel-last-child\" data-index=\"3\" ><div\n\t\t\t\n\t\t\tclass=\"so-widget-sow-image so-widget-sow-image-default-8b5b6f678277-544\"\n\t\t\t\n\t\t>\n<div class=\"sow-image-container\">\n\t\t<img \n\tsrc=\"https:\/\/tus08senne1-fussball.de\/wp-content\/uploads\/2024\/07\/Heimtrikot-300x271.jpg\" width=\"300\" height=\"271\" srcset=\"https:\/\/tus08senne1-fussball.de\/wp-content\/uploads\/2024\/07\/Heimtrikot-300x271.jpg 300w, https:\/\/tus08senne1-fussball.de\/wp-content\/uploads\/2024\/07\/Heimtrikot.jpg 521w\" sizes=\"(max-width: 300px) 100vw, 300px\" title=\"Heimtrikot 2024\/25\" alt=\"\" \t\tclass=\"so-widget-image\"\/>\n\t<\/div>\n\n<\/div><\/div><\/div><div id=\"pgc-gb544-69dc986d55cba-2-1\"  class=\"panel-grid-cell\" ><div id=\"panel-gb544-69dc986d55cba-2-1-0\" class=\"so-panel widget widget_sow-editor panel-first-child panel-last-child\" data-index=\"4\" ><div\n\t\t\t\n\t\t\tclass=\"so-widget-sow-editor so-widget-sow-editor-base\"\n\t\t\t\n\t\t>\n<div class=\"siteorigin-widget-tinymce textwidget\">\n\t<table style=\"font-weight: 400;\" width=\"775\">\n<tbody>\n<tr>\n<td width=\"280\"><strong>Heimtrikot 24\/24<\/strong><\/td>\n<td width=\"168\"><strong>S-XXL<\/strong><\/td>\n<td width=\"155\"><\/td>\n<td width=\"172\"><\/td>\n<\/tr>\n<tr>\n<td width=\"280\"><\/td>\n<td width=\"168\"><strong>Trikot Heim &#8222;komplett&#8220;<\/strong><\/td>\n<td width=\"155\"><strong>Trikot Heim &#8222;Standard&#8220;<\/strong><\/td>\n<td width=\"172\"><strong>Trikot Heim &#8222;ohne R\u00fccken&#8220;<\/strong><\/td>\n<\/tr>\n<tr>\n<td width=\"280\">\u00c4rmel Patch &#8222;Kreisliga&#8220;<\/td>\n<td width=\"168\"><strong>x<\/strong><\/td>\n<td width=\"155\">&#8211;<\/td>\n<td width=\"172\">&#8211;<\/td>\n<\/tr>\n<tr>\n<td width=\"280\">\u00c4rmel Patch &#8222;Fruchtalarm&#8220; \/ oder \u201eVolkswagen\u201c<\/td>\n<td width=\"168\"><strong>x<\/strong><\/td>\n<td width=\"155\">&#8211;<\/td>\n<td width=\"172\">&#8211;<\/td>\n<\/tr>\n<tr>\n<td width=\"280\">&#8222;Waldbadexpress&#8220; Nacken<\/td>\n<td width=\"168\"><strong>x<\/strong><\/td>\n<td width=\"155\"><strong>x<\/strong><\/td>\n<td width=\"172\">&#8211;<\/td>\n<\/tr>\n<tr>\n<td width=\"280\">Vereinsname<\/td>\n<td width=\"168\"><strong>x<\/strong><\/td>\n<td width=\"155\"><strong>x<\/strong><\/td>\n<td width=\"172\">&#8211;<\/td>\n<\/tr>\n<tr>\n<td width=\"280\">Trikotnummer<\/td>\n<td width=\"168\"><strong>x<\/strong><\/td>\n<td width=\"155\">&#8211;<\/td>\n<td width=\"172\">&#8211;<\/td>\n<\/tr>\n<tr>\n<td width=\"280\">Individuell z. B. Spielername \/ eigener Name *<\/td>\n<td width=\"168\">&#8211;<\/td>\n<td width=\"155\">&#8211;<\/td>\n<td width=\"172\">&#8211;<\/td>\n<\/tr>\n<tr>\n<td width=\"280\"><strong>Gesamtpreis<\/strong><\/td>\n<td width=\"168\"><strong>50,00<\/strong><\/td>\n<td width=\"155\"><strong>40,00<\/strong><\/td>\n<td width=\"172\"><strong>32,00<\/strong><\/td>\n<\/tr>\n<\/tbody>\n<\/table>\n<p><strong>\u00a0<\/strong><\/p>\n<\/div>\n<\/div><\/div><\/div><\/div><\/div><div id=\"pg-gb544-69dc986d55cba-3\"  class=\"panel-grid panel-has-style\" ><div class=\"panel-row-style panel-row-style-for-gb544-69dc986d55cba-3\" ><div id=\"pgc-gb544-69dc986d55cba-3-0\"  class=\"panel-grid-cell\" ><div id=\"panel-gb544-69dc986d55cba-3-0-0\" class=\"so-panel widget widget_sow-image panel-first-child panel-last-child\" data-index=\"5\" ><div\n\t\t\t\n\t\t\tclass=\"so-widget-sow-image so-widget-sow-image-default-8b5b6f678277-544\"\n\t\t\t\n\t\t>\n<div class=\"sow-image-container\">\n\t\t<img \n\tsrc=\"https:\/\/tus08senne1-fussball.de\/wp-content\/uploads\/2024\/07\/Heimtrikot-300x271.jpg\" width=\"300\" height=\"271\" srcset=\"https:\/\/tus08senne1-fussball.de\/wp-content\/uploads\/2024\/07\/Heimtrikot-300x271.jpg 300w, https:\/\/tus08senne1-fussball.de\/wp-content\/uploads\/2024\/07\/Heimtrikot.jpg 521w\" sizes=\"(max-width: 300px) 100vw, 300px\" title=\"Heimtrikot 2024\/25\" alt=\"\" \t\tclass=\"so-widget-image\"\/>\n\t<\/div>\n\n<\/div><\/div><\/div><div id=\"pgc-gb544-69dc986d55cba-3-1\"  class=\"panel-grid-cell\" ><div id=\"panel-gb544-69dc986d55cba-3-1-0\" class=\"so-panel widget widget_sow-editor panel-first-child panel-last-child\" data-index=\"6\" ><div\n\t\t\t\n\t\t\tclass=\"so-widget-sow-editor so-widget-sow-editor-base\"\n\t\t\t\n\t\t>\n<div class=\"siteorigin-widget-tinymce textwidget\">\n\t<table style=\"font-weight: 400;\" width=\"775\">\n<tbody>\n<tr>\n<td width=\"280\"><strong>Heimtrikot 24\/25 Kinder<\/strong><\/td>\n<td width=\"168\"><strong>128-164<\/strong><\/td>\n<td width=\"155\"><\/td>\n<td width=\"172\"><\/td>\n<\/tr>\n<tr>\n<td width=\"280\"><\/td>\n<td width=\"168\"><strong>Trikot Heim &#8222;komplett&#8220;<\/strong><\/td>\n<td width=\"155\"><strong>Trikot Heim &#8222;Standard&#8220;<\/strong><\/td>\n<td width=\"172\"><strong>Trikot Heim &#8222;ohne R\u00fccken&#8220;<\/strong><\/td>\n<\/tr>\n<tr>\n<td width=\"280\">\u00c4rmel Patch &#8222;Kreisliga&#8220;<\/td>\n<td width=\"168\"><strong>x<\/strong><\/td>\n<td width=\"155\"><strong>&#8211;<\/strong><\/td>\n<td width=\"172\"><strong>&#8211;<\/strong><\/td>\n<\/tr>\n<tr>\n<td width=\"280\">\u00c4rmel Patch &#8222;Fruchtalarm&#8220; \/ oder \u201eVolkswagen\u201c<\/td>\n<td width=\"168\"><strong>x<\/strong><\/td>\n<td width=\"155\"><strong>&#8211;<\/strong><\/td>\n<td width=\"172\"><strong>&#8211;<\/strong><\/td>\n<\/tr>\n<tr>\n<td width=\"280\">&#8222;Waldbadexpress&#8220; Nacken<\/td>\n<td width=\"168\"><strong>x<\/strong><\/td>\n<td width=\"155\"><strong>x<\/strong><\/td>\n<td width=\"172\"><strong>&#8211;<\/strong><\/td>\n<\/tr>\n<tr>\n<td width=\"280\">Vereinsname<\/td>\n<td width=\"168\"><strong>x<\/strong><\/td>\n<td width=\"155\"><strong>x<\/strong><\/td>\n<td width=\"172\"><strong>&#8211;<\/strong><\/td>\n<\/tr>\n<tr>\n<td width=\"280\">Trikotnummer<\/td>\n<td width=\"168\"><strong>x<\/strong><\/td>\n<td width=\"155\"><strong>&#8211;<\/strong><\/td>\n<td width=\"172\"><strong>&#8211;<\/strong><\/td>\n<\/tr>\n<tr>\n<td colspan=\"2\" width=\"448\">Spielername \/ eigener Name*  &#8211;<\/td>\n<td width=\"155\"><strong>&#8211;<\/strong><\/td>\n<td width=\"172\"><strong>&#8211;<\/strong><\/td>\n<\/tr>\n<tr>\n<td width=\"280\"><strong>Gesamtpreis<\/strong><\/td>\n<td width=\"168\"><strong>42,00<\/strong><\/td>\n<td width=\"155\"><strong>32,00<\/strong><\/td>\n<td width=\"172\"><strong>24,00<\/strong><\/td>\n<\/tr>\n<\/tbody>\n<\/table>\n<p><strong>\u00a0<\/strong><\/p>\n<\/div>\n<\/div><\/div><\/div><\/div><\/div><\/div>","protected":false},"excerpt":{"rendered":"<p>Wie bestelle ich? Alle Produkte k\u00f6nnen einfach direkt per E-Mail an shop@tus08senne1-fussball.de bestellt werden oder sind an Spieltagen in der H\u00fctte in der bpi Arena erh\u00e4ltlich. Das Heimtrikot 24\/25 (Erwachsene\/Kinder) bieten wir in Zusammenarbeit mit Schr\u00f6der-Teams Sennenstadt an. Alle Informationen zur Bestellung findet ihr auf diesem Formular. &nbsp; Zusammenarbeit mit dem Kinderkrebsprojekt &#8222;Fruchtalarm&#8220; Das Kinderkrebsprojekt [&hellip;]<\/p>\n","protected":false},"author":1,"featured_media":0,"parent":78,"menu_order":0,"comment_status":"closed","ping_status":"closed","template":"","meta":{"footnotes":""},"class_list":["post-544","page","type-page","status-publish","hentry","post"],"_links":{"self":[{"href":"https:\/\/tus08senne1-fussball.de\/index.php?rest_route=\/wp\/v2\/pages\/544","targetHints":{"allow":["GET"]}}],"collection":[{"href":"https:\/\/tus08senne1-fussball.de\/index.php?rest_route=\/wp\/v2\/pages"}],"about":[{"href":"https:\/\/tus08senne1-fussball.de\/index.php?rest_route=\/wp\/v2\/types\/page"}],"author":[{"embeddable":true,"href":"https:\/\/tus08senne1-fussball.de\/index.php?rest_route=\/wp\/v2\/users\/1"}],"replies":[{"embeddable":true,"href":"https:\/\/tus08senne1-fussball.de\/index.php?rest_route=%2Fwp%2Fv2%2Fcomments&post=544"}],"version-history":[{"count":25,"href":"https:\/\/tus08senne1-fussball.de\/index.php?rest_route=\/wp\/v2\/pages\/544\/revisions"}],"predecessor-version":[{"id":3825,"href":"https:\/\/tus08senne1-fussball.de\/index.php?rest_route=\/wp\/v2\/pages\/544\/revisions\/3825"}],"up":[{"embeddable":true,"href":"https:\/\/tus08senne1-fussball.de\/index.php?rest_route=\/wp\/v2\/pages\/78"}],"wp:attachment":[{"href":"https:\/\/tus08senne1-fussball.de\/index.php?rest_route=%2Fwp%2Fv2%2Fmedia&parent=544"}],"curies":[{"name":"wp","href":"https:\/\/api.w.org\/{rel}","templated":true}]}}